t l = 4 + f. What is the units digit of l?
5
Suppose 400 = -0*m + 5*m. What is the units digit of (0 + 2)/(4/m*5)?
8
Suppose -4*y + 93 + 14937 = 3*i, y + i = 3757. What is the hundreds digit of y?
7
Let w(k) = 530*k - 123. What is the thousands digit of w(3)?
1
Suppose 8 = -2*m + 14. Suppose m*l + 0*l = 5*o - 146, 0 = -5*o + 4*l + 143. Suppose 2*h - 23 = -2*w + o, -94 = -4*h + 3*w. What is the units digit of h?
5
Let j = 0 - -4. Suppose j*i + 3*l + 441 = 2*i, 9 = 3*l. Let o = -148 - i. What is the units digit of o?
7
Let x = -2314 - -6175. What is the units digit of x?
1
Let o(y) = 2*y**2 + 62*y + 265. What is the tens digit of o(-38)?
9
Suppose -2*y = -4*y + 48. Let v be 20/8*y/2. Suppose 0 = 5*m - 5*j - 145, m + j - v = 3*j. What is the tens digit of m?
2
What is the hundreds digit of ((-33)/(-33))/((-1)/(-305))?
3
Let q = 437 - 426. What is the tens digit of q?
1
Suppose 5*q - 7525 = t, 4*q + 6026 = 8*q - 2*t. What is the hundreds digit of q?
5
Let h be (1 - (-3)/1) + -1. Suppose h*i - 2*i = 67. What is the tens digit of i?
6
Let j(u) = -u**3 - 9*u**2 - 29*u + 22. What is the thousands digit of j(-14)?
1
Let q(v) = 783*v - 2. What is the units digit of q(2)?
4
Suppose -3796 = -3*w - 5*c, 0 = -2*w - 2*c + 1604 + 920. What is the units digit of w?
7
Let b = 16 - 12. Suppose -1 = b*c - 9. Suppose 2*o = 3*n - 114, -n - 2*o + 126 = c*n. What is the units digit of n?
0
Let p(l) = 80*l - 84. What is the tens digit of p(13)?
5
Suppose -6 = -3*d + 36. Suppose 13*n - d*n = -316. What is the units digit of n?
6
Let v(k) = 2*k**3 - 2*k**2 - 18*k + 138. What is the tens digit of v(9)?
7
Suppose -s = -7 + 4. Suppose 0 = s*d - 3, -2*v = -2*d - d - 1313. What is the tens digit of v/14 - 1*-1?
4
Suppose -4*y = -3*y - 7. Let z(s) = -2*s - 1. Let t be z(y). Let c(r) = -r**2 - 14*r + 20. What is the units digit of c(t)?
5
Suppose 0 = 190*x - 180*x - 13950. What is the units digit of x?
5
Suppose -2*c - c + 1647 = 4*o, 0 = 3*o + 4*c - 1230. What is the hundreds digit of o?
4
Suppose -d - 42 + 44 = 0. Suppose 8 = m + v, -d*m - 2 = -6*m + 2*v. What is the units digit of m?
3
Let x(j) = -10*j - 87. What is the hundreds digit of x(-29)?
2
Suppose -12*v + 1843 + 461 = 0. What is the tens digit of v?
9
Let y(x) = -441*x - 6. Let r be y(-3). What is the tens digit of r/21 - -4 - 6/(-21)?
6
Let j(o) = o**2 - 9*o + 9. Let i(t) = -t**3 - 6*t**2 + 12*t + 29. Let d be i(-7). What is the units digit of j(d)?
9
Let o(j) be the third derivative of j**6/60 + j**5/30 - j**4/12 - j**3/6 + 15*j**2. What is the units digit of o(2)?
9
Let p(r) = 10*r**2 - 11*r + 3. What is the tens digit of p(14)?
0
Suppose 0 = 4*t + 16, 20*u - 2*t - 7563 = 15*u. What is the tens digit of u?
1
What is the tens digit of -279*3/(-2)*4/3?
5
Let j(a) = -a**3 - 5*a**2 + 6*a + 3. Let x be j(-6). Let p(q) = -15 - 3*q - 2*q**2 - q**x + 19 + 4*q. What is the tens digit of p(-4)?
3
Suppose 2*k = 3*z - 3*k - 56, z - k = 16. Let o be 64/z - 1/3. Suppose 2*n + 0*n + 4*b - 14 = 0, -b - 13 = -o*n. What is the units digit of n?
3
Let a = -4 - -4. Suppose a = -2*l - 0*l. Suppose -3*h - h + 132 = l. What is the units digit of h?
3
Let i be (-1 - -3)*(-62 + -2). Let u = i - -57. Let f = u - -105. What is the units digit of f?
4
Let l be ((-6)/(-15))/(1/(-5)). Let b be ((-6)/15)/(l/(-10)). What is the tens digit of ((-14)/(-3))/(b/(-9))?
2
Suppose 3*m + 495 = -8*m. Let l = 122 + m. What is the tens digit of l?
7
Suppose -12*g + 10*g + 666 = 0. Let b = -162 + g. What is the tens digit of b?
7
Suppose -4*h + 1232 = -896. What is the hundreds digit of h?
5
Suppose 2*d = 4*d. Suppose d = -5*a + 6 + 34. Let j(b) = 2*b + 1. What is the units digit of j(a)?
7
Suppose 5*p + 3*s = -0*s + 290, 5*p + 4*s = 285. Let k = p - -8. What is the tens digit of k?
6
Let b(z) = -z**3 + 8*z**2 + 9*z. Suppose c + 13 = 3*r - 1, -5*r + 23 = -2*c. What is the hundreds digit of b(r)?
1
Let p(n) = n**3 - 11*n**2 - 3*n + 12. Let x be p(11). Let u = x - -40. Let y = -11 + u. What is the units digit of y?
8
Let g = 181 - 161. What is the tens digit of 1165/g - -4 - (-3)/4?
6
Let w = 4132 + -2071. What is the thousands digit of w?
2
Suppose -3473 = -4*a - 7*n + 4*n, 3*a - 2607 = -3*n. What is the units digit of a?
6
Let w be (-4)/(-5) - 704/55. Let m = w + 14. Suppose 99 - 27 = m*k. What is the units digit of k?
6
Suppose -b - 20 = 4*s, -5 = 2*b + s + 14. Suppose 5*f + 5*d - 19 = 31, -2*d = 5*f - 59. Let h = f + b. What is the units digit of h?
5
Suppose 6 = -n - 4. Let h(q) be the third derivative of q**4/24 + 17*q**3/6 + 10*q**2. What is the units digit of h(n)?
7
Suppose -2*x + 8 = 2*x, 0 = -k + 3*x - 1. Let b be 1/5 - 91/k. What is the tens digit of 5/30 + (-213)/b?
1
Suppose z - 5*h - 11 = 0, -4*z = -z - 2*h + 6. Let k(d) = -24*d - 13. What is the tens digit of k(z)?
8
Suppose 3*g = -2*g + 4*v - 5, 0 = -4*g + 3*v - 3. What is the units digit of g/((4/(-140))/(-1))?
5
Suppose 0 = -s + f - 70, 4*s + 134 = 2*s - f. Let l = s - -150. What is the units digit of l?
2
Let a(m) = 7*m**2 + 9*m + 13. Let g be a(-2). Let h = 39 - g. What is the units digit of h?
6
Let p be 111/15 - 8/20. Let v(j) = -j + 6. Let b be v(p). What is the units digit of (b - -2)*(28 + -8)?
0
Suppose s = -3, 97*y = 101*y + 5*s - 13301. What is the units digit of y?
9
Let y(j) = -j**3 + 8*j**2 - 5*j - 4. Let t be y(7). Suppose -l = -2*l + t. Suppose 2*o - 7*o + l = 0. What is the units digit of o?
2
Suppose 0*a + a = -1. What is the hundreds digit of (18 - 2/a)*17?
3
Suppose 0*l - l = -3, 4*b - 1505 = l. Let i = -246 + b. What is the hundreds digit of i?
1
Let a = 5 - -18. Let n = a - -42. What is the units digit of n?
5
Let h(y) = 6*y - 24. Let i be h(4). What is the units digit of ((i + -14)/((-2)/7))/1?
9
Suppose -2*j + 45 = -3*y, 5*y = 7*y + 5*j + 11. Suppose -3*n + 5*x - 154 = -0*x, 3*n + x = -124. Let g = y - n. What is the tens digit of g?
3
What is the tens digit of -201*(-3 + (-4)/(-3))?
3
Suppose p = -3*u + 10, -8*u + 16 = -4*u. What is the tens digit of 35 - (-3)/(-1) - (-2)/p?
3
Let f be (-3 + 4)/(5/(-1555)). Let u = f + 521. What is the units digit of u?
0
Let k be -4 + 1 + -1 + 12. Suppose 0 = -16*q + 12*q + k. Suppose 0 = -2*x + q*a + 132, -2*x + 8*a + 147 = 3*a. What is the units digit of x?
1
Let t = 12 + -20. Let g(p) = -p**3 - 7*p**2 - 2*p - 4. What is the tens digit of g(t)?
7
Let m = -2411 + 2442. What is the tens digit of m?
3
Let h(s) = -20*s - 11. What is the units digit of h(-11)?
9
Suppose -5*c = -9*c - 812. Let k = 510 + c. What is the units digit of k?
7
Let s = -16 + 21. Suppose 0 = 3*q - p - 14, 1 = s*q + 3*p - 13. What is the units digit of q?
4
Suppose -4*a - 9 + 29 = 0. Suppose a*i - 2*u - 45 = 0, 0*i + 2*i = -3*u - 1. Let t = 21 + i. What is the units digit of t?
8
Suppose 551*d - 540*d = 627. What is the tens digit of d?
5
Suppose 0 = -5*g + 8*g - 1803. What is the hundreds digit of g?
6
Suppose -3*g - 10*f + 4188 = -4*f, 3*g - 4221 = 5*f. What is the units digit of g?
2
Let q = -31 + 28. What is the units digit of -5*(114/5)/q?
8
Let g = 2411 + -1405. What is the tens digit of g?
0
Let f(r) = r**2 + r + 1. Let h be f(-2). Suppose w = -5*g + 5 + 192, -591 = -h*w - g. What is the tens digit of w?
9
Suppose 4*j + 2*w = -2*w + 328, 3*w = 3*j - 234. Suppose 0 = 2*g + 4*u - 238, 4*u + 38 = g - 69. Let h = g - j. What is the tens digit of h?
3
Let c be 2/8 - (-35)/20. Let p be 1/c + 23/(-2). Let k = -6 - p. What is the units digit of k?
5
Let p be (6 + -4)/(-1) + 2. Suppose p = -s + 28 + 49. What is the units digit of s?
7
Let g(r) = 16*r - 7. Suppose -q + 3 = -2. Let v be g(q). Let w = v + -16. What is the units digit of w?
7
What is the thousands digit of 1/5 + (-9 - 95385/(-75))?
1
Let l = 2 - -3. Suppose -l*w + 156 = -8*w. Let p = w + 74. What is the tens digit of p?
2
Suppose -4*x + 963 = 127. What is the tens digit of x?
0
Suppose 2*w - 2232 = -3*p, 4*w + 0*w = 3*p - 2214. What is the units digit of p?
2
Let t(r) = 36*r + 294. What is the units digit of t(-8)?
6
Let d(i) = -i**3 + 4*i**2 - 2*i - 1. Suppose 0*s + s - 3 = x, -s = -5*x - 11. Let p(j) = j + 1. Let o be p(s). What is the units digit of d(o)?
3
Let p(j) = -10*j + 1. Let f be p(-2). Suppose f*r = 17*r + 292. What is the units digit of r?
3
Suppose 3575 = 7*u - 2550. What is the hu